What is the remainder when q is divided by f(-8)?
6
Let m(i) = i**3 + 4*i**2 - 7*i - 5. What is the remainder when m(-4) is divided by 9?
5
Suppose 2*u - 5*q = 3*u - 28, -5*u + 86 = -2*q. What is the remainder when 11/(-33)*u*-1 is divided by 3*(-2 - 3/(-1))?
0
Let y(w) = 9*w**2 + w - 1. Let v = -11 - -16. Suppose -v*k = -3*n - 14, -13 = -k + 3*n - 3. What is the remainder when y(k) is divided by 5?
4
Let l(f) = f - 5*f**2 - f**3 + 3*f - 5 + 0*f**2. Let c = -10 + 4. Calculate the remainder when 12 is divided by l(c).
5
Suppose 5*k = 3*p - 121, -124 = -4*p + 4*k + 32. Suppose -2*u = 3*u - 65. What is the remainder when p is divided by u?
11
Suppose -w + 8 + 14 = 0. What is the remainder when w is divided by 5?
2
Suppose -6*h - 46 + 352 = 0. Calculate the remainder when h is divided by 27.
24
Suppose 0 = -2*c - 1 - 5. Calculate the remainder when 63 is divided by c + 4 + 18 + 3.
19
Suppose -20 = -10*q + 5*q. Suppose q*k + 6 = 2*k, -3*l + 36 = 4*k. Calculate the remainder when 28 is divided by l.
12
Let b(m) = -95*m - 1. Let y be b(1). Let d = y - -140. Calculate the remainder when d is divided by (-107)/(-7) - (-4)/(-14).
14
Suppose -q + 9 + 1 = 0. Calculate the remainder when q is divided by 2.
0
Suppose 2*w = 4*h + 134, -2*w - 3*h + 125 = 2*h. Suppose 0*y - w = -5*y. Calculate the remainder when 24 is divided by y.
11
Suppose 0 = 5*t + 40 + 15. Let p = -8 - t. What is the remainder when p is divided by 2?
1
Let m = -2 - -5. Suppose 0 = -3*w + 11 + 13. Calculate the remainder when w is divided by m.
2
Calculate the remainder when -5 + (-3 - -12) - -164 is divided by 13.
12
Let t(m) = m - 22. Let s(b) = -b**3 + 6*b**2 + 10*b - 10. Calculate the remainder when s(7) is divided by t(25).
2
Let q(r) = -20*r**3 + 1. Let p(g) = -g**3 + 3*g**2 - 2*g - 1. Let b be p(2). What is the remainder when q(b) is divided by (1 - -1) + (9 - 0)?
10
Suppose 5*k + 8 = -2*v + 48, 3*k = 0. What is the remainder when 32 is divided by (0 - 0 - 3) + v?
15
Let y(z) = -4 - 19*z**2 - 2*z + 20*z**2 + 1 + 2. What is the remainder when y(-4) is divided by 6?
5
Suppose 5*w - 5*u - 235 = 0, 3*w - 132 = -4*u - 26. Calculate the remainder when w is divided by 15.
12
Let z(w) = w**2 + 3*w + 7. Suppose -3*v + 7*v = -24. Let u(q) = 2*q**2 + 6*q + 1. Calculate the remainder when z(v) is divided by u(-4).
7
Suppose 1409 = 24*y - 1519. Calculate the remainder when y is divided by 25.
22
Suppose c = -1 + 4. Let o be 0*c/(3/(-1)). Suppose 4*l + 16 = o, 9*b = 4*b - 4*l + 19. What is the remainder when 19 is divided by b?
5
Let b(q) = 7*q - 5. Calculate the remainder when b(5) is divided by 16.
14
Let b(q) = -q**2 - q + 8. Suppose -7*m = 2*u - 9*m - 62, 2*m - 112 = -4*u. What is the remainder when u is divided by b(0)?
5
What is the remainder when 69 is divided by (1 + 53)/((9/(-2))/(-3))?
33
Suppose -2*b - 3 = -3*b. Calculate the remainder when 9 is divided by b.
0
Suppose -2*g - g = -354. What is the remainder when g is divided by 20?
18
Suppose 3*d = -0*d - 33. Let q = 24 + d. Calculate the remainder when 37 is divided by q.
11
Let u(i) = -i**2 - 6*i - 3. Let b be u(-7). Let m = b - -25. Suppose 3*k - 6*k + 18 = 0. Calculate the remainder when m is divided by k.
3
Suppose m = -0*m - s + 82, 79 = m + 4*s. What is the remainder when m is divided by 28?
27
Let h(x) = x**3 - 8*x**2 - 4. Let y be h(8). What is the remainder when 8/(-3)*(y - -1) is divided by 5?
3
Let y be 0 - -3*(2 + -1). Calculate the remainder when 61 is divided by (-5)/(-15) + 62/y.
19
Let u be 28 - ((-8)/(-2) + -2). Let v = u - 17. Let s = 138 + -121. What is the remainder when s is divided by v?
8
Let b(w) = w**2 - 4*w - 1. Let l be b(5). Suppose 10 = l*t - 3*t. Let p(a) = -4*a**3 - 2*a**2 - 2*a + 1. What is the remainder when p(-2) is divided by t?
9
Let s be (28/(-6))/(2/12). Let b = s - -48. Let f = 155 - 97. What is the remainder when f is divided by b?
18
Let k = -18 + 30. Calculate the remainder when 46 is divided by k.
10
Let l(f) = f**2 - f + 22. Calculate the remainder when 63 is divided by l(0).
19
Suppose -3*u - 1 + 16 = 0. What is the remainder when 7 is divided by u?
2
Let b(n) = 2*n**3 + 4*n - 2. Calculate the remainder when b(3) is divided by 22.
20
Suppose -4*m + 23 = -9. What is the remainder when 14 is divided by m?
6
Let n(u) = 21*u + 2. Calculate the remainder when n(1) is divided by 13.
10
Let p = 114 - 75. Calculate the remainder when p/6*(-2)/(-1) is divided by 7.
6
Let s(m) = -6*m - 1 + 2 - 27*m. Let q be s(-1). Suppose 4*t + 0*t + 3*b = 68, -b + q = 2*t. What is the remainder when 50 is divided by t?
16
Calculate the remainder when (-176)/(-4) - (1 + 4) is divided by 8.
7
What is the remainder when (-3)/18 + 19/6 is divided by 2?
1
Let t(z) = -z**2 - 9*z - 5. Let w be t(-10). Let q(a) = -a - 4. Calculate the remainder when -2 + (1 - -3*11) is divided by q(w).
10
Suppose -7*l = -l - 924. What is the remainder when l is divided by 26?
24
Suppose 0 = -3*j + 7*j - 60. Calculate the remainder when 29 is divided by j.
14
Let n(w) = w**3 + 7*w**2 + 3. Let r be n(-7). Suppose -5*o + 0*o = -4*h - 92, -5*o - r*h + 71 = 0. What is the remainder when 29 is divided by o?
13
Suppose 2*n = -3*n + 45. Suppose -3*y = -39 - n. What is the remainder when 46 + -2 + 1 - 0 is divided by y?
13
Let v = -75 + 81. What is the remainder when v is divided by 2?
0
Suppose -2*i + 57 - 1 = 0. Suppose -2*l - 4*n + i = 0, 0*n = -2*l + 2*n + 10. Let p(u) = -u**2 + 9*u + 7. What is the remainder when 44 is divided by p(l)?
14
Let y = -136 - -183. What is the remainder when y is divided by 8?
7
Let i = 29 + -17. Let f(r) = r**2 - 4*r**2 + 23 + 2*r**2 + r. Calculate the remainder when f(0) is divided by i.
11
Let n(q) = 8*q + 16. Let d be n(11). Let s = d + -72. Let c = 18 - 7. What is the remainder when s is divided by c?
10
Let x(q) = -q**3 + 17*q**2 + 19*q - 5. Let o = -30 + 53. What is the remainder when o is divided by x(18)?
10
Let g = 2 + 2. Suppose 49 = -g*f + 157. Suppose 5*v - k = 73, -5*k = 2*v - 12 - 1. Calculate the remainder when f is divided by v.
13
Let s = -4 + 11. Suppose 2 = 5*u + s. What is the remainder when 10 is divided by ((-5)/10)/(u/8)?
2
Suppose 4*z = 5*l, 2*l = 6*l + 2*z. Suppose l = -w + 13 + 5. What is the remainder when ((-4)/6)/((-1)/w) is divided by 5?
2
Let o be -2*(4/(-2) + 0). What is the remainder when 29 is divided by (0 + -6)/(o/(-10))?
14
Let c(l) = 8*l + 9. Calculate the remainder when c(8) is divided by (5 + -4 + 9)*(-20)/(-8).
23
Let k = 181 - 134. Calculate the remainder when k is divided by 10.
7
Calculate the remainder when (-1 + 0)/((-14)/224) is divided by 11.
5
Suppose -2*w + 7 + 11 = 0. Let a be 8 + -2 + 0 + 2. Let c = a + -4. Calculate the remainder when w is divided by c.
1
Let d = 28 + -15. Let f = 12 + -9. Suppose 0 = 3*p + 5*v - 108, -108 = -3*p + 4*v - f*v. Calculate the remainder when p is divided by d.
10
Suppose 0 = -h - 3, 3*w - 5*h = -w + 63. Calculate the remainder when (-1)/(-3)*5*21 is divided by w.
11
Suppose 20 = -5*n - 4*y, 5*n - 2*y + 13 = -7. What is the remainder when 8 - -3*(-4)/n is divided by 2?
1
Suppose 0 = b + 3*b - 8. Suppose 2*m + 0*m = -w + 27, 21 = b*m - w. Suppose -l - 23 = -4*p, 22 = 4*p - 2*l + 4. What is the remainder when m is divided by p?
5
Let b = -9 - -8. Let h(u) = -8*u**3 + 2*u**2 + u. Calculate the remainder when 35 is divided by h(b).
8
Let m(a) = -6*a + 4*a**2 + 10*a**2 - a**3 - 9 - 5*a**2. What is the remainder when m(8) is divided by 3?
1
Suppose -604 = b - 5*b. Calculate the remainder when b is divided by 39.
34
Let s = -126 + 181. Let d(q) = q**2 + 9*q - 8. Let h be d(-10). Calculate the remainder when s is divided by 1/h*(35 + 3).
17
Suppose 3*a + 56 = 7*a. What is the remainder when a is divided by 4?
2
Calculate the remainder when (-1)/(-2)*(48 - 2) is divided by 12.
11
Let t be (-8 + 2)*2/4. Let m(y) = -y**3 - 3*y**2 + 1. Let k be m(t). What is the remainder when (18 - -3) + (k - 3) is divided by 5?
4
Suppose 0 = 3*k + l - 310, 4*k - 2*l - 524 = -k. Let t be (k/(-16))/((-2)/12). Suppose 0 = -3*x - 0*x + t. Calculate the remainder when x is divided by 4.
1
Suppose -4*a + 183 = -325. Calculate the remainder when a is divided by 26.
23
Suppose 34 = 4*n - 66. Calculate the remainder when n is divided by 13.
12
Let r = 480 + -449. C